{"id":1534,"date":"2025-07-21T16:22:14","date_gmt":"2025-07-21T16:22:14","guid":{"rendered":"https:\/\/testing.thanglong-jsc.com\/index.php\/linh-vuc-hoat-dong\/gach\/pin-va-tram-sac-cho-o-to-dien-4-5\/"},"modified":"2025-12-01T18:23:49","modified_gmt":"2025-12-01T18:23:49","slug":"thiet-bi-ve-sinh-ssww","status":"publish","type":"page","link":"https:\/\/testing.thanglong-jsc.com\/index.php\/linh-vuc-hoat-dong\/thiet-bi-ve-sinh\/thiet-bi-ve-sinh-ssww\/","title":{"rendered":"Thi\u1ebft b\u1ecb v\u1ec7 sinh SSWW"},"content":{"rendered":"\t\t<div data-elementor-type=\"wp-page\" data-elementor-id=\"1534\" class=\"elementor elementor-1534\" data-elementor-post-type=\"page\">\n\t\t\t\t<div class=\"elementor-element elementor-element-4aebdb4 e-flex e-con-boxed e-con e-parent\" data-id=\"4aebdb4\" data-element_type=\"container\" data-settings=\"{&quot;background_background&quot;:&quot;classic&quot;}\">\n\t\t\t\t\t<div class=\"e-con-inner\">\n\t\t<div class=\"elementor-element elementor-element-fd2ca8d e-con-full e-flex e-con e-child\" data-id=\"fd2ca8d\" data-element_type=\"container\">\n\t\t\t\t<div class=\"elementor-element elementor-element-ccff44f elementor-widget elementor-widget-hfe-breadcrumbs-widget\" data-id=\"ccff44f\" data-element_type=\"widget\" data-widget_type=\"hfe-breadcrumbs-widget.default\">\n\t\t\t\t<div class=\"elementor-widget-container\">\n\t\t\t\t\t<nav aria-label=\"Breadcrumb\"><ul class=\"hfe-breadcrumbs hfe-breadcrumbs-show-home\"><li class=\"hfe-breadcrumbs-item hfe-breadcrumbs-first\"><span class=\"hfe-breadcrumbs-home-icon\"><\/span><a href=\"https:\/\/testing.thanglong-jsc.com\"><span class=\"hfe-breadcrumbs-text\">Trang ch\u1ee7<\/span><\/a><\/li><\/ul><\/nav>\t\t\t\t<\/div>\n\t\t\t\t<\/div>\n\t\t\t\t<\/div>\n\t\t<div class=\"elementor-element elementor-element-4c7d86f e-con-full e-flex e-con e-child\" data-id=\"4c7d86f\" data-element_type=\"container\">\n\t\t\t\t<div class=\"elementor-element elementor-element-180b5c4 elementor-widget elementor-widget-image\" data-id=\"180b5c4\" data-element_type=\"widget\" data-widget_type=\"image.default\">\n\t\t\t\t\t\t\t\t\t\t\t\t\t\t\t<img decoding=\"async\" width=\"216\" height=\"11\" src=\"https:\/\/testing.thanglong-jsc.com\/wp-content\/uploads\/2025\/07\/Rectangle-34627094.png\" class=\"attachment-large size-large wp-image-460\" alt=\"\" \/>\t\t\t\t\t\t\t\t\t\t\t\t\t\t\t<\/div>\n\t\t\t\t<\/div>\n\t\t\t\t\t<\/div>\n\t\t\t\t<\/div>\n\t\t<div class=\"elementor-element elementor-element-b26b351 e-flex e-con-boxed e-con e-parent\" data-id=\"b26b351\" data-element_type=\"container\">\n\t\t\t\t\t<div class=\"e-con-inner\">\n\t\t<div class=\"elementor-element elementor-element-43b2116 e-con-full e-flex e-con e-child\" data-id=\"43b2116\" data-element_type=\"container\">\n\t\t<div class=\"elementor-element elementor-element-b3e599b e-con-full e-flex e-con e-child\" data-id=\"b3e599b\" data-element_type=\"container\">\n\t\t\t\t<div class=\"elementor-element elementor-element-ec342da elementor-widget elementor-widget-heading\" data-id=\"ec342da\" data-element_type=\"widget\" data-widget_type=\"heading.default\">\n\t\t\t\t\t<h2 class=\"elementor-heading-title elementor-size-default\">Thi\u1ebft b\u1ecb v\u1ec7 sinh SSWW<\/h2>\t\t\t\t<\/div>\n\t\t\t\t<\/div>\n\t\t\t\t<div class=\"elementor-element elementor-element-96f80be elementor-widget elementor-widget-heading\" data-id=\"96f80be\" data-element_type=\"widget\" data-widget_type=\"heading.default\">\n\t\t\t\t\t<h2 class=\"elementor-heading-title elementor-size-default\">C\u00e1c s\u1ea3n ph\u1ea9m<\/h2>\t\t\t\t<\/div>\n\t\t\t\t<\/div>\n\t\t\t\t<div class=\"elementor-element elementor-element-71ea332 elementor-widget elementor-widget-taxonomy-filter\" data-id=\"71ea332\" data-element_type=\"widget\" data-settings=\"{&quot;selected_element&quot;:&quot;7d31975&quot;,&quot;taxonomy&quot;:&quot;product_cat&quot;,&quot;multiple_selection&quot;:&quot;no&quot;,&quot;horizontal_scroll&quot;:&quot;disable&quot;}\" data-widget_type=\"taxonomy-filter.default\">\n\t\t\t\t\t\t\t<search class=\"e-filter\" role=\"search\" data-base-url=\"https:\/\/testing.thanglong-jsc.com\/\" data-page-num=\"1\">\n\t\t\t\t\t\t\t<button class=\"e-filter-item\" data-filter=\"nang-luong-mat-troi\" aria-pressed=\"false\">N\u0103ng l\u01b0\u1ee3ng m\u1eb7t tr\u1eddi<\/button>\n\t\t\t\t\t\t\t<button class=\"e-filter-item\" data-filter=\"thiet-bi-luu-tru\" aria-pressed=\"false\">Thi\u1ebft b\u1ecb l\u01b0u tr\u1eef<\/button>\n\t\t\t\t\t\t\t<button class=\"e-filter-item\" data-filter=\"thiet-bi-cho-xe-dien\" aria-pressed=\"false\">Thi\u1ebft b\u1ecb cho xe \u0111i\u1ec7n<\/button>\n\t\t\t\t\t\t\t<button class=\"e-filter-item\" data-filter=\"pin-va-tram-sac-cho-o-to-dien\" aria-pressed=\"false\">Pin v\u00e0 tr\u1ea1m s\u1ea1c cho \u00f4 t\u00f4 \u0111i\u1ec7n<\/button>\n\t\t\t\t\t\t\t<button class=\"e-filter-item\" data-filter=\"pin-va-tram-sac-cho-xe-may-dien\" aria-pressed=\"false\">Pin v\u00e0 tr\u1ea1m s\u1ea1c cho xe m\u00e1y \u0111i\u1ec7n<\/button>\n\t\t\t\n\t\t\t\t\t\t\t\t\t<button class=\"e-filter-item\" data-filter=\"__all\" aria-pressed=\"true\">\n\t\t\t\tT\u1ea5t c\u1ea3\t\t\t<\/button>\n\t\t\t\t\t<\/search>\n\t\t\t\t\t\t<\/div>\n\t\t<div class=\"elementor-element elementor-element-7be2440 e-con-full e-flex e-con e-child\" data-id=\"7be2440\" data-element_type=\"container\">\n\t\t\t\t<div class=\"woocommerce elementor-element elementor-element-7d31975 elementor-grid-3 elementor-grid-tablet-2 elementor-grid-mobile-1 elementor-widget elementor-widget-loop-grid\" data-id=\"7d31975\" data-element_type=\"widget\" data-settings=\"{&quot;_skin&quot;:&quot;product&quot;,&quot;template_id&quot;:1093,&quot;pagination_type&quot;:&quot;numbers&quot;,&quot;columns&quot;:&quot;3&quot;,&quot;columns_tablet&quot;:&quot;2&quot;,&quot;columns_mobile&quot;:&quot;1&quot;,&quot;edit_handle_selector&quot;:&quot;[data-elementor-type=\\&quot;loop-item\\&quot;]&quot;,&quot;pagination_load_type&quot;:&quot;page_reload&quot;,&quot;row_gap&quot;:{&quot;unit&quot;:&quot;px&quot;,&quot;size&quot;:&quot;&quot;,&quot;sizes&quot;:[]},&quot;row_gap_tablet&quot;:{&quot;unit&quot;:&quot;px&quot;,&quot;size&quot;:&quot;&quot;,&quot;sizes&quot;:[]},&quot;row_gap_mobile&quot;:{&quot;unit&quot;:&quot;px&quot;,&quot;size&quot;:&quot;&quot;,&quot;sizes&quot;:[]}}\" data-widget_type=\"loop-grid.product\">\n\t\t\t\t\t\t\t<div class=\"e-loop-nothing-found-message\">\n\t\t<\/div>\n\t\t\t\t\t\t<\/div>\n\t\t\t\t<\/div>\n\t\t\t\t\t<\/div>\n\t\t\t\t<\/div>\n\t\t<div class=\"elementor-element elementor-element-e5c82d9 e-flex e-con-boxed e-con e-parent\" data-id=\"e5c82d9\" data-element_type=\"container\" data-settings=\"{&quot;background_background&quot;:&quot;classic&quot;}\">\n\t\t\t\t\t<div class=\"e-con-inner\">\n\t\t<div class=\"elementor-element elementor-element-ac66bf0 e-con-full e-grid e-con e-child\" data-id=\"ac66bf0\" data-element_type=\"container\">\n\t\t<div class=\"elementor-element elementor-element-aa4f23c e-con-full e-flex e-con e-child\" data-id=\"aa4f23c\" data-element_type=\"container\">\n\t\t\t\t<div class=\"elementor-element elementor-element-af6ee55 elementor-widget elementor-widget-heading\" data-id=\"af6ee55\" data-element_type=\"widget\" data-widget_type=\"heading.default\">\n\t\t\t\t\t<h2 class=\"elementor-heading-title elementor-size-default\">L\u0129nh v\u1ef1c ho\u1ea1t \u0111\u1ed9ng<\/h2>\t\t\t\t<\/div>\n\t\t\t\t<div class=\"elementor-element elementor-element-0a447c1 elementor-widget elementor-widget-heading\" data-id=\"0a447c1\" data-element_type=\"widget\" data-widget_type=\"heading.default\">\n\t\t\t\t\t<h2 class=\"elementor-heading-title elementor-size-default\">H\u00e3y \u0111\u1ec3 chuy\u00ean gia c\u1ee7a ch\u00fang t\u00f4i cung c\u1ea5p gi\u1ea3i ph\u00e1p t\u1ed1i \u01b0u cho b\u1ea1n <\/h2>\t\t\t\t<\/div>\n\t\t\t\t<div class=\"elementor-element elementor-element-b09d702 elementor-widget elementor-widget-wpforms\" data-id=\"b09d702\" data-element_type=\"widget\" data-widget_type=\"wpforms.default\">\n\t\t\t\t<div class=\"elementor-widget-container\">\n\t\t\t\t\t<style id=\"wpforms-css-vars-elementor-widget-b09d702\">\n\t\t\t\t.elementor-widget-wpforms.elementor-element-b09d702 {\n\t\t\t\t--wpforms-button-border-radius: 62px;\n--wpforms-button-background-color: #3CABE1;\n--wpforms-field-border-color: #00000000;\n--wpforms-field-border-color-spare: #00000000;\n\n\t\t\t}\n\t\t\t<\/style><div class=\"wpforms-container wpforms-container-full wpforms-render-modern\" id=\"wpforms-308\"><form id=\"wpforms-form-308\" class=\"wpforms-validate wpforms-form wpforms-ajax-form\" data-formid=\"308\" method=\"post\" enctype=\"multipart\/form-data\" action=\"\/index.php\/wp-json\/wp\/v2\/pages\/1534\" data-token=\"edcccaa49ddac1dc8f65cb2f54a05edc\" data-token-time=\"1778887932\"><noscript class=\"wpforms-error-noscript\">Please enable JavaScript in your browser to complete this form.<\/noscript><div id=\"wpforms-error-noscript\" style=\"display: none;\">Please enable JavaScript in your browser to complete this form.<\/div><div class=\"wpforms-field-container\">\t\t<div id=\"wpforms-308-field_4-container\"\n\t\t\tclass=\"wpforms-field wpforms-field-text\"\n\t\t\tdata-field-type=\"text\"\n\t\t\tdata-field-id=\"4\"\n\t\t\t>\n\t\t\t<label class=\"wpforms-field-label\" for=\"wpforms-308-field_4\" >Comment Phone or<\/label>\n\t\t\t<input type=\"text\" id=\"wpforms-308-field_4\" class=\"wpforms-field-medium\" name=\"wpforms[fields][4]\" >\n\t\t<\/div>\n\t\t<div id=\"wpforms-308-field_1-container\" class=\"wpforms-field wpforms-field-name\" data-field-id=\"1\"><label class=\"wpforms-field-label wpforms-label-hide\" for=\"wpforms-308-field_1\" aria-hidden=\"false\">Name <span class=\"wpforms-required-label\" aria-hidden=\"true\">*<\/span><\/label><input type=\"text\" id=\"wpforms-308-field_1\" class=\"wpforms-field-large wpforms-field-required\" name=\"wpforms[fields][1]\" placeholder=\"H\u1ecd v\u00e0 t\u00ean\" aria-errormessage=\"wpforms-308-field_1-error\" required><\/div><div id=\"wpforms-308-field_2-container\" class=\"wpforms-field wpforms-field-email\" data-field-id=\"2\"><label class=\"wpforms-field-label wpforms-label-hide\" for=\"wpforms-308-field_2\" aria-hidden=\"false\">Email <span class=\"wpforms-required-label\" aria-hidden=\"true\">*<\/span><\/label><input type=\"email\" id=\"wpforms-308-field_2\" class=\"wpforms-field-large wpforms-field-required\" name=\"wpforms[fields][2]\" placeholder=\"Email\" spellcheck=\"false\" aria-errormessage=\"wpforms-308-field_2-error\" required><\/div><div id=\"wpforms-308-field_6-container\" class=\"wpforms-field wpforms-field-phone\" data-field-id=\"6\"><label class=\"wpforms-field-label wpforms-label-hide\" for=\"wpforms-308-field_6\" aria-hidden=\"false\">Phone<\/label><input type=\"tel\" id=\"wpforms-308-field_6\" class=\"wpforms-field-large wpforms-smart-phone-field\" data-rule-smart-phone-field=\"true\" name=\"wpforms[fields][6]\" placeholder=\"S\u0110T\" aria-label=\"Phone\" aria-errormessage=\"wpforms-308-field_6-error\" ><\/div><div id=\"wpforms-308-field_3-container\" class=\"wpforms-field wpforms-field-textarea\" data-field-id=\"3\"><label class=\"wpforms-field-label wpforms-label-hide\" for=\"wpforms-308-field_3\" aria-hidden=\"false\">Comment or Message<\/label><textarea id=\"wpforms-308-field_3\" class=\"wpforms-field-medium\" name=\"wpforms[fields][3]\" aria-errormessage=\"wpforms-308-field_3-error\" aria-describedby=\"wpforms-308-field_3-description\" ><\/textarea><div id=\"wpforms-308-field_3-description\" class=\"wpforms-field-description\">L\u1eddi nh\u1eafn<\/div><\/div><script>\n\t\t\t\t( function() {\n\t\t\t\t\tconst style = document.createElement( 'style' );\n\t\t\t\t\tstyle.appendChild( document.createTextNode( '#wpforms-308-field_4-container { position: absolute !important; overflow: hidden !important; display: inline !important; height: 1px !important; width: 1px !important; z-index: -1000 !important; padding: 0 !important; } #wpforms-308-field_4-container input { visibility: hidden; } #wpforms-conversational-form-page #wpforms-308-field_4-container label { counter-increment: none; }' ) );\n\t\t\t\t\tdocument.head.appendChild( style );\n\t\t\t\t\tdocument.currentScript?.remove();\n\t\t\t\t} )();\n\t\t\t<\/script><\/div><!-- .wpforms-field-container --><div class=\"wpforms-submit-container\" ><input type=\"hidden\" name=\"wpforms[id]\" value=\"308\"><input type=\"hidden\" name=\"page_title\" value=\"\"><input type=\"hidden\" name=\"page_url\" value=\"https:\/\/testing.thanglong-jsc.com\/index.php\/wp-json\/wp\/v2\/pages\/1534\"><input type=\"hidden\" name=\"url_referer\" value=\"\"><button type=\"submit\" name=\"wpforms[submit]\" id=\"wpforms-submit-308\" class=\"wpforms-submit\" data-alt-text=\"\u0110ang g\u1eedi...\" data-submit-text=\"Li\u00ean h\u1ec7 v\u1edbi ch\u00fang t\u00f4i\" aria-live=\"assertive\" value=\"wpforms-submit\">Li\u00ean h\u1ec7 v\u1edbi ch\u00fang t\u00f4i<\/button><img decoding=\"async\" src=\"https:\/\/testing.thanglong-jsc.com\/wp-content\/plugins\/wpforms\/assets\/images\/submit-spin.svg\" class=\"wpforms-submit-spinner\" style=\"display: none;\" width=\"26\" height=\"26\" alt=\"Loading\"><\/div><\/form><\/div>  <!-- .wpforms-container -->\t\t\t\t<\/div>\n\t\t\t\t<\/div>\n\t\t\t\t<\/div>\n\t\t\t\t<\/div>\n\t\t\t\t\t<\/div>\n\t\t\t\t<\/div>\n\t\t\t\t<\/div>\n\t\t","protected":false},"excerpt":{"rendered":"<p>Trang ch\u1ee7 C\u00e1c s\u1ea3n ph\u1ea9m Thi\u1ebft b\u1ecb cho xe \u0111i\u1ec7n Pin v\u00e0 tr\u1ea1m s\u1ea1c cho \u00f4 t\u00f4 \u0111i\u1ec7n Pin v\u00e0 tr\u1ea1m s\u1ea1c cho xe m\u00e1y \u0111i\u1ec7n V\u1eadt li\u1ec7u x\u00e2y d\u1ef1ng V\u1eadt li\u1ec7u n\u1ed9i th\u1ea5t \u0110\u00e8n G\u1ea1ch Thi\u1ebft b\u1ecb v\u1ec7 sinh T\u1ea5t c\u1ea3 L\u0129nh v\u1ef1c ho\u1ea1t \u0111\u1ed9ng H\u00e3y \u0111\u1ec3 chuy\u00ean gia c\u1ee7a ch\u00fang t\u00f4i cung c\u1ea5p [&hellip;]<\/p>\n","protected":false},"author":1,"featured_media":1548,"parent":928,"menu_order":0,"comment_status":"closed","ping_status":"closed","template":"elementor_header_footer","meta":{"footnotes":""},"class_list":["post-1534","page","type-page","status-publish","has-post-thumbnail","hentry"],"_links":{"self":[{"href":"https:\/\/testing.thanglong-jsc.com\/index.php\/wp-json\/wp\/v2\/pages\/1534","targetHints":{"allow":["GET"]}}],"collection":[{"href":"https:\/\/testing.thanglong-jsc.com\/index.php\/wp-json\/wp\/v2\/pages"}],"about":[{"href":"https:\/\/testing.thanglong-jsc.com\/index.php\/wp-json\/wp\/v2\/types\/page"}],"author":[{"embeddable":true,"href":"https:\/\/testing.thanglong-jsc.com\/index.php\/wp-json\/wp\/v2\/users\/1"}],"replies":[{"embeddable":true,"href":"https:\/\/testing.thanglong-jsc.com\/index.php\/wp-json\/wp\/v2\/comments?post=1534"}],"version-history":[{"count":7,"href":"https:\/\/testing.thanglong-jsc.com\/index.php\/wp-json\/wp\/v2\/pages\/1534\/revisions"}],"predecessor-version":[{"id":1669,"href":"https:\/\/testing.thanglong-jsc.com\/index.php\/wp-json\/wp\/v2\/pages\/1534\/revisions\/1669"}],"up":[{"embeddable":true,"href":"https:\/\/testing.thanglong-jsc.com\/index.php\/wp-json\/wp\/v2\/pages\/928"}],"wp:featuredmedia":[{"embeddable":true,"href":"https:\/\/testing.thanglong-jsc.com\/index.php\/wp-json\/wp\/v2\/media\/1548"}],"wp:attachment":[{"href":"https:\/\/testing.thanglong-jsc.com\/index.php\/wp-json\/wp\/v2\/media?parent=1534"}],"curies":[{"name":"wp","href":"https:\/\/api.w.org\/{rel}","templated":true}]}}