{"id":1742,"date":"2026-04-16T10:08:27","date_gmt":"2026-04-16T10:08:27","guid":{"rendered":"https:\/\/testing.thanglong-jsc.com\/?post_type=product&#038;p=1742"},"modified":"2026-04-16T10:08:27","modified_gmt":"2026-04-16T10:08:27","slug":"he-thong-dien-dieu-hoa-cho-khoi-dong-va-do-xe","status":"publish","type":"product","link":"https:\/\/testing.thanglong-jsc.com\/index.php\/product\/he-thong-dien-dieu-hoa-cho-khoi-dong-va-do-xe\/","title":{"rendered":"H\u1ec7 th\u1ed1ng \u0111i\u1ec7n \u0111i\u1ec1u h\u00f2a cho kh\u1edfi \u0111\u1ed9ng v\u00e0 \u0111\u1ed7 xe"},"content":{"rendered":"<p data-section-id=\"9aof0p\" data-start=\"135\" data-end=\"162\"><span role=\"text\">\ud83d\udd0b <strong data-start=\"140\" data-end=\"162\">T\u00ednh n\u0103ng s\u1ea3n ph\u1ea9m<\/strong><\/span><\/p>\n<p data-start=\"164\" data-end=\"348\">\u00c1p d\u1ee5ng cho vi\u1ec7c kh\u1edfi \u0111\u1ed9ng kh\u1ea9n c\u1ea5p v\u00e0 cung c\u1ea5p \u0111i\u1ec7n cho \u0111i\u1ec1u h\u00f2a khi ph\u01b0\u01a1ng ti\u1ec7n ngh\u1ec9 ng\u01a1i, d\u00e0nh cho c\u00e1c ph\u01b0\u01a1ng ti\u1ec7n l\u1edbn nh\u01b0 m\u00e1y m\u00f3c n\u00f4ng nghi\u1ec7p, xe t\u1ea3i h\u1ea1ng n\u1eb7ng v\u00e0 xe t\u1ea3i \u0111\u00f4ng l\u1ea1nh.<\/p>\n<hr data-start=\"350\" data-end=\"353\" \/>\n<p data-section-id=\"1fijxfl\" data-start=\"355\" data-end=\"381\"><span role=\"text\">\ud83e\udde9 <strong data-start=\"361\" data-end=\"381\">L\u1eafp \u0111\u1eb7t ti\u1ec7n l\u1ee3i<\/strong><\/span><\/p>\n<ul data-start=\"382\" data-end=\"492\">\n<li data-section-id=\"1v7vfss\" data-start=\"382\" data-end=\"401\">Thi\u1ebft k\u1ebf m\u00f4-\u0111un<\/li>\n<li data-section-id=\"1dymq9x\" data-start=\"402\" data-end=\"432\">Quy tr\u00ecnh l\u1eafp \u0111\u1eb7t \u0111\u01a1n gi\u1ea3n<\/li>\n<li data-section-id=\"1y62985\" data-start=\"433\" data-end=\"492\">C\u00f3 th\u1ec3 ho\u00e0n th\u00e0nh l\u1eafp \u0111\u1eb7t m\u00e0 kh\u00f4ng c\u1ea7n d\u1ee5ng c\u1ee5 ph\u1ee9c t\u1ea1p<\/li>\n<\/ul>\n<hr data-start=\"494\" data-end=\"497\" \/>\n<p data-section-id=\"1n4kae4\" data-start=\"499\" data-end=\"539\"><span role=\"text\">\ud83e\udd16 <strong data-start=\"505\" data-end=\"539\">Qu\u1ea3n l\u00fd v\u00e0 \u0111i\u1ec1u khi\u1ec3n hi\u1ec7u qu\u1ea3<\/strong><\/span><\/p>\n<ul data-start=\"540\" data-end=\"718\">\n<li data-section-id=\"554l9h\" data-start=\"540\" data-end=\"595\">\u00c1p d\u1ee5ng h\u1ec7 th\u1ed1ng qu\u1ea3n l\u00fd pin v\u00e0 n\u0103ng l\u01b0\u1ee3ng hi\u1ec7u qu\u1ea3<\/li>\n<li data-section-id=\"akkiv6\" data-start=\"596\" data-end=\"653\">\u0110\u1ea1t \u0111\u01b0\u1ee3c ki\u1ec3m so\u00e1t ch\u00ednh x\u00e1c tr\u1ea1ng th\u00e1i s\u1ea1c v\u00e0 x\u1ea3 pin<\/li>\n<li data-section-id=\"yefmf1\" data-start=\"654\" data-end=\"718\">K\u00e9o d\u00e0i tu\u1ed5i th\u1ecd pin v\u00e0 n\u00e2ng cao hi\u1ec7u qu\u1ea3 s\u1eed d\u1ee5ng n\u0103ng l\u01b0\u1ee3ng<\/li>\n<\/ul>\n<hr data-start=\"720\" data-end=\"723\" \/>\n<p data-section-id=\"1s9csjp\" data-start=\"725\" data-end=\"752\"><span role=\"text\">\ud83d\udee1 <strong data-start=\"731\" data-end=\"752\">B\u1ea3o v\u1ec7 th\u00f4ng minh<\/strong><\/span><\/p>\n<ul data-start=\"753\" data-end=\"959\">\n<li data-section-id=\"1fvw2hn\" data-start=\"753\" data-end=\"809\">Trang b\u1ecb h\u1ec7 th\u1ed1ng gi\u00e1m s\u00e1t v\u00e0 b\u1ea3o v\u1ec7 \u0111i\u1ec7n th\u00f4ng minh<\/li>\n<li data-section-id=\"wmeqkk\" data-start=\"810\" data-end=\"880\">Ch\u1ee9c n\u0103ng hi\u1ec3n th\u1ecb b\u1ea3ng \u0111i\u1ec1u khi\u1ec3n th\u00f4ng minh, \u0111i\u1ec1u khi\u1ec3n t\u1eeb xa 4G<\/li>\n<li data-section-id=\"54bkpp\" data-start=\"881\" data-end=\"959\">Ch\u1ed1ng tr\u1ed9m th\u00f4ng minh, t\u1ef1 \u0111\u1ed9ng s\u01b0\u1edfi \u1ea5m, c\u1ea3nh b\u00e1o b\u1eb1ng \u00e2m thanh v\u00e0 \u00e1nh s\u00e1ng<\/li>\n<\/ul>\n<hr data-start=\"961\" data-end=\"964\" \/>\n<p data-section-id=\"14w5v5m\" data-start=\"966\" data-end=\"995\"><span role=\"text\">\ud83d\udd10 <strong data-start=\"972\" data-end=\"995\">Nhi\u1ec1u c\u01a1 ch\u1ebf b\u1ea3o v\u1ec7<\/strong><\/span><\/p>\n<ul data-start=\"996\" data-end=\"1126\">\n<li data-section-id=\"1qssvgg\" data-start=\"996\" data-end=\"1031\">Trang b\u1ecb nhi\u1ec1u bi\u1ec7n ph\u00e1p b\u1ea3o v\u1ec7<\/li>\n<li data-section-id=\"1cbogxd\" data-start=\"1032\" data-end=\"1062\">H\u1ec7 th\u1ed1ng ch\u1eefa ch\u00e1y t\u1ef1 \u0111\u1ed9ng<\/li>\n<li data-section-id=\"1hrjf9f\" data-start=\"1063\" data-end=\"1081\">B\u1ea3o v\u1ec7 qu\u00e1 s\u1ea1c<\/li>\n<li data-section-id=\"tm5hhl\" data-start=\"1082\" data-end=\"1099\">B\u1ea3o v\u1ec7 qu\u00e1 x\u1ea3<\/li>\n<li data-section-id=\"1i66caz\" data-start=\"1100\" data-end=\"1126\">B\u1ea3o v\u1ec7 ch\u1ed1ng ng\u1eafn m\u1ea1ch<\/li>\n<\/ul>\n<hr data-start=\"1128\" data-end=\"1131\" \/>\n<p data-section-id=\"hh2dsg\" data-start=\"1133\" data-end=\"1159\"><span role=\"text\">\ud83d\udcca <strong data-start=\"1138\" data-end=\"1159\">Th\u00f4ng s\u1ed1 k\u1ef9 thu\u1eadt<\/strong><\/span><\/p>\n<p data-start=\"1161\" data-end=\"1183\"><strong data-start=\"1161\" data-end=\"1169\">M\u1eabu:<\/strong> SKW-5.27-01<\/p>\n<ul data-start=\"1185\" data-end=\"1381\">\n<li data-section-id=\"xi3clt\" data-start=\"1185\" data-end=\"1221\">C\u00f4ng su\u1ea5t \u0111\u1ecbnh m\u1ee9c (1C): 5.27 kW<\/li>\n<li data-section-id=\"1e6dmep\" data-start=\"1222\" data-end=\"1255\">N\u0103ng l\u01b0\u1ee3ng \u0111\u1ecbnh m\u1ee9c: 5.27 kWh<\/li>\n<li data-section-id=\"3a6to1\" data-start=\"1256\" data-end=\"1288\">Dung l\u01b0\u1ee3ng t\u1eebng cell: 206 Ah<\/li>\n<li data-section-id=\"ch4ktd\" data-start=\"1289\" data-end=\"1317\">\u0110i\u1ec7n \u00e1p \u0111\u1ecbnh m\u1ee9c: 25.6 V<\/li>\n<li data-section-id=\"slv9dr\" data-start=\"1318\" data-end=\"1348\">\u0110i\u1ec7n \u00e1p s\u1ea1c t\u1ed1i \u0111a: 29.2 V<\/li>\n<li data-section-id=\"154vs4l\" data-start=\"1349\" data-end=\"1381\">\u0110i\u1ec7n \u00e1p x\u1ea3 t\u1ed1i thi\u1ec3u: 20.8 V<\/li>\n<\/ul>\n<hr data-start=\"1383\" data-end=\"1386\" \/>\n<p data-section-id=\"w8hdjc\" data-start=\"1388\" data-end=\"1418\"><span role=\"text\">\u26a1 <strong data-start=\"1393\" data-end=\"1418\">D\u00f2ng \u0111i\u1ec7n &amp; hi\u1ec7u su\u1ea5t<\/strong><\/span><\/p>\n<ul data-start=\"1419\" data-end=\"1541\">\n<li data-section-id=\"1skuwmo\" data-start=\"1419\" data-end=\"1447\">D\u00f2ng \u0111\u1ecbnh m\u1ee9c: 1C (206A)<\/li>\n<li data-section-id=\"1kfm8x4\" data-start=\"1448\" data-end=\"1479\">D\u00f2ng x\u1ea3 li\u00ean t\u1ee5c t\u1ed1i \u0111a: 2C<\/li>\n<li data-section-id=\"1pzk9c9\" data-start=\"1480\" data-end=\"1511\">D\u00f2ng x\u1ea3 t\u1ee9c th\u1eddi t\u1ed1i \u0111a: 6C<\/li>\n<li data-section-id=\"cgoee4\" data-start=\"1512\" data-end=\"1541\">D\u00f2ng x\u1ea3 t\u1ee9c th\u1eddi: &gt; 1200A<\/li>\n<\/ul>\n<hr data-start=\"1543\" data-end=\"1546\" \/>\n<p data-section-id=\"8bk3fj\" data-start=\"1548\" data-end=\"1570\"><span role=\"text\">\ud83d\udd0b <strong data-start=\"1554\" data-end=\"1570\">\u0110\u1eb7c t\u00ednh pin<\/strong><\/span><\/p>\n<ul data-start=\"1571\" data-end=\"1642\">\n<li data-section-id=\"117a7p3\" data-start=\"1571\" data-end=\"1605\">M\u1eadt \u0111\u1ed9 n\u0103ng l\u01b0\u1ee3ng: \u2265 165 Wh\/kg<\/li>\n<li data-section-id=\"11tvayg\" data-start=\"1606\" data-end=\"1642\">Tu\u1ed5i th\u1ecd chu k\u1ef3 cell: \u2265 6000 l\u1ea7n<\/li>\n<\/ul>\n<hr data-start=\"1644\" data-end=\"1647\" \/>\n<p data-section-id=\"18l09uh\" data-start=\"1649\" data-end=\"1679\"><span role=\"text\">\ud83c\udf21 <strong data-start=\"1655\" data-end=\"1679\">M\u00f4i tr\u01b0\u1eddng ho\u1ea1t \u0111\u1ed9ng<\/strong><\/span><\/p>\n<ul data-start=\"1680\" data-end=\"1783\">\n<li data-section-id=\"t5trfn\" data-start=\"1680\" data-end=\"1716\">Nhi\u1ec7t \u0111\u1ed9 ho\u1ea1t \u0111\u1ed9ng: -30\u00b0C ~ 60\u00b0C<\/li>\n<li data-section-id=\"1t856uj\" data-start=\"1717\" data-end=\"1753\">\u0110\u1ed9 \u1ea9m: 5% \u2013 95% (kh\u00f4ng ng\u01b0ng t\u1ee5)<\/li>\n<li data-section-id=\"ep0g12\" data-start=\"1754\" data-end=\"1783\">\u0110\u1ed9 cao l\u00e0m vi\u1ec7c: \u2264 3000 m<\/li>\n<\/ul>\n<hr data-start=\"1785\" data-end=\"1788\" \/>\n<p data-section-id=\"efqpck\" data-start=\"1790\" data-end=\"1819\"><span role=\"text\">\u2699\ufe0f <strong data-start=\"1796\" data-end=\"1819\">H\u1ec7 th\u1ed1ng &amp; thi\u1ebft k\u1ebf<\/strong><\/span><\/p>\n<ul data-start=\"1820\" data-end=\"1926\">\n<li data-section-id=\"er9sy7\" data-start=\"1820\" data-end=\"1876\">Ph\u01b0\u01a1ng ph\u00e1p l\u00e0m m\u00e1t: T\u1ef1 \u0111\u1ed9ng s\u01b0\u1edfi + l\u00e0m m\u00e1t t\u1ef1 nhi\u00ean<\/li>\n<li data-section-id=\"r0dnqb\" data-start=\"1877\" data-end=\"1897\">C\u1ea5p b\u1ea3o v\u1ec7: IP54<\/li>\n<li data-section-id=\"u6z9yf\" data-start=\"1898\" data-end=\"1926\">Truy\u1ec1n th\u00f4ng: CAN \/ UART<\/li>\n<\/ul>\n<hr data-start=\"1928\" data-end=\"1931\" \/>\n<p data-section-id=\"yr3zek\" data-start=\"1933\" data-end=\"1967\"><span role=\"text\">\ud83d\udccf <strong data-start=\"1939\" data-end=\"1967\">K\u00edch th\u01b0\u1edbc &amp; tr\u1ecdng l\u01b0\u1ee3ng<\/strong><\/span><\/p>\n<ul data-start=\"1968\" data-end=\"2027\">\n<li data-section-id=\"1tq1e8n\" data-start=\"1968\" data-end=\"2002\">K\u00edch th\u01b0\u1edbc: 480 \u00d7 275 \u00d7 220 mm<\/li>\n<li data-section-id=\"kuqxe6\" data-start=\"2003\" data-end=\"2027\">Tr\u1ecdng l\u01b0\u1ee3ng: \u2264 44 kg<\/li>\n<\/ul>\n","protected":false},"excerpt":{"rendered":"<p>\ud83d\udd0b T\u00ednh n\u0103ng s\u1ea3n ph\u1ea9m \u00c1p d\u1ee5ng cho vi\u1ec7c kh\u1edfi \u0111\u1ed9ng kh\u1ea9n c\u1ea5p v\u00e0 cung c\u1ea5p \u0111i\u1ec7n cho \u0111i\u1ec1u h\u00f2a khi ph\u01b0\u01a1ng ti\u1ec7n ngh\u1ec9 ng\u01a1i, d\u00e0nh cho c\u00e1c ph\u01b0\u01a1ng ti\u1ec7n l\u1edbn nh\u01b0 m\u00e1y m\u00f3c n\u00f4ng nghi\u1ec7p, xe t\u1ea3i h\u1ea1ng n\u1eb7ng v\u00e0 xe t\u1ea3i \u0111\u00f4ng l\u1ea1nh. \ud83e\udde9 L\u1eafp \u0111\u1eb7t ti\u1ec7n l\u1ee3i Thi\u1ebft k\u1ebf m\u00f4-\u0111un Quy tr\u00ecnh [&hellip;]<\/p>\n","protected":false},"featured_media":1743,"comment_status":"open","ping_status":"closed","template":"","meta":[],"product_brand":[],"product_cat":[38,39],"product_tag":[],"class_list":{"0":"post-1742","1":"product","2":"type-product","3":"status-publish","4":"has-post-thumbnail","6":"product_cat-nang-luong-mat-troi","7":"product_cat-thiet-bi-luu-tru","9":"first","10":"instock","11":"shipping-taxable","12":"product-type-simple"},"_links":{"self":[{"href":"https:\/\/testing.thanglong-jsc.com\/index.php\/wp-json\/wp\/v2\/product\/1742","targetHints":{"allow":["GET"]}}],"collection":[{"href":"https:\/\/testing.thanglong-jsc.com\/index.php\/wp-json\/wp\/v2\/product"}],"about":[{"href":"https:\/\/testing.thanglong-jsc.com\/index.php\/wp-json\/wp\/v2\/types\/product"}],"replies":[{"embeddable":true,"href":"https:\/\/testing.thanglong-jsc.com\/index.php\/wp-json\/wp\/v2\/comments?post=1742"}],"wp:featuredmedia":[{"embeddable":true,"href":"https:\/\/testing.thanglong-jsc.com\/index.php\/wp-json\/wp\/v2\/media\/1743"}],"wp:attachment":[{"href":"https:\/\/testing.thanglong-jsc.com\/index.php\/wp-json\/wp\/v2\/media?parent=1742"}],"wp:term":[{"taxonomy":"product_brand","embeddable":true,"href":"https:\/\/testing.thanglong-jsc.com\/index.php\/wp-json\/wp\/v2\/product_brand?post=1742"},{"taxonomy":"product_cat","embeddable":true,"href":"https:\/\/testing.thanglong-jsc.com\/index.php\/wp-json\/wp\/v2\/product_cat?post=1742"},{"taxonomy":"product_tag","embeddable":true,"href":"https:\/\/testing.thanglong-jsc.com\/index.php\/wp-json\/wp\/v2\/product_tag?post=1742"}],"curies":[{"name":"wp","href":"https:\/\/api.w.org\/{rel}","templated":true}]}}